
29
What is the remainder when 851 is divided by 124?
107
Calculate the remainder when 96 is divided by 42.
12
What is the remainder when 393 is divided by 185?
23
Calculate the remainder when 18647 is divided by 50.
47
Calculate the remainder when 6438 is divided by 3219.
0
What is the remainder when 925 is divided by 301?
22
Calculate the remainder when 1582 is divided by 41.
24
What is the remainder when 179 is divided by 13?
10
Calculate the remainder when 14270 is divided by 7.
4
What is the remainder when 6027 is divided by 9?
6
What is the remainder when 93 is divided by 11?
5
What is the remainder when 83 is divided by 11?
6
Calculate the remainder when 96 is divided by 11.
8
Calculate the remainder when 2793 is divided by 927.
12
What is the remainder when 2225 is divided by 42?
41
Calculate the remainder when 549 is divided by 50.
49
Calculate the remainder when 1012 is divided by 281.
169
Calculate the remainder when 1908 is divided by 13.
10
What is the remainder when 301 is divided by 76?
73
What is the remainder when 467 is divided by 20?
7
Calculate the remainder when 30 is divided by 8.
6
What is the remainder when 70 is divided by 57?
13
Calculate the remainder when 150 is divided by 35.
10
What is the remainder when 278 is divided by 42?
26
What is the remainder when 206 is divided by 115?
91
Calculate the remainder when 147 is divided by 61.
25
Calculate the remainder when 956 is divided by 60.
56
What is the remainder when 124 is divided by 68?
56
Calculate the remainder when 21 is divided by 7.
0
What is the remainder when 262 is divided by 44?
42
Calculate the remainder when 188 is divided by 59.
11
Calculate the remainder when 9948 is divided by 123.
108
Calculate the remainder when 542 is divided by 129.
26
What is the remainder when 676 is divided by 178?
142
What is the remainder when 74 is divided by 30?
14
Calculate the remainder when 5127 is divided by 45.
42
Calculate the remainder when 1077 is divided by 15.
12
What is the remainder when 191 is divided by 16?
15
What is the remainder when 150 is divided by 27?
15
Calculate the remainder when 130 is divided by 45.
40
Calculate the remainder when 589 is divided by 86.
73
Calculate the remainder when 464 is divided by 9.
5
What is the remainder when 88 is divided by 45?
43
Calculate the remainder when 1480 is divided by 244.
16
What is the remainder when 148 is divided by 44?
16
Calculate the remainder when 468 is divided by 94.
92
Calculate the remainder when 126 is divided by 24.
6
Calculate the remainder when 319 is divided by 38.
15
Calculate the remainder when 50 is divided by 28.
22
Calculate the remainder when 151 is divided by 11.
8
What is the remainder when 255 is divided by 29?
23
What is the remainder when 5018 is divided by 11?
2
What is the remainder when 5215 is divided by 12?
7
Calculate the remainder when 798 is divided by 395.
8
What is the remainder when 143 is divided by 50?
43
Calculate the remainder when 223 is divided by 36.
7
What is the remainder when 110 is divided by 15?
5
Calculate the remainder when 130 is divided by 7.
4
What is the remainder when 611 is divided by 68?
67
Calculate the remainder when 887 is divided by 223.
218
Calculate the remainder when 165 is divided by 21.
18
Calculate the remainder when 148 is divided by 38.
34
What is the remainder when 2 is divided by 2?
0
What is the remainder when 113 is divided by 67?
46
What is the remainder when 594 is divided by 35?
34
Calculate the remainder when 391 is divided by 37.
21
What is the remainder when 289 is divided by 97?
95
Calculate the remainder when 390 is divided by 66.
60
What is the remainder when 20 is divided by 4?
0
Calculate the remainder when 406 is divided by 137.
132
Calculate the remainder when 217 is divided by 58.
43
Calculate the remainder when 372 is divided by 154.
64
What is the remainder when 12 is divided by 10?
2
Calculate the remainder when 456 is divided by 42.
36
Calculate the remainder when 155 is divided by 39.
38
Calculate the remainder when 1789 is divided by 3.
1
What is the remainder when 31 is divided by 9?
4
Calculate the remainder when 1079 is divided by 30.
29
Calculate the remainder when 459 is divided by 140.
39
Calculate the remainder when 102 is divided by 47.
8
Calculate the remainder when 120 is divided by 32.
24
Calculate the remainder when 24398 is divided by 50.
48
Calculate the remainder when 90 is divided by 14.
6
Calculate the remainder when 879 is divided by 63.
60
What is the remainder when 22 is divided by 22?
0
Calculate the remainder when 90 is divided by 48.
42
What is the remainder when 1397 is divided by 100?
97
What is the remainder when 3021 is divided by 168?
165
Calculate the remainder when 267 is divided by 131.
5
What is the remainder when 5014 is divided by 20?
14
Calculate the remainder when 4636 is divided by 332.
320
Calculate the remainder when 135 is divided by 6.
3
What is the remainder when 59 is divided by 20?
19
What is the remainder when 19 is divided by 6?
1
Calculate the remainder when 98 is divided by 35.
28
Calculate the remainder when 1434 is divided by 111.
102
What is the remainder when 218 is divided by 124?
94
Calculate the remainder when 479 is divided by 8.
7
What is the remainder when 46 is divided by 19?
8
Calculate the remainder when 506 is divided by 171.
164
What is the remainder when 997 is divided by 90?
7
Calculate the remainder when 64 is divided by 47.
17
What is the remainder when 593 is divided by 17?
15
What is the remainder when 3363 is divided by 198?
195
Calculate the remainder when 194 is divided by 49.
47
Calculate the remainder when 178 is divided by 20.
18
Calculate the remainder when 349 is divided by 39.
37
Calculate the remainder when 3945 is divided by 4.
1
Calculate the remainder when 2667 is divided by 166.
11
Calculate the remainder when 3694 is divided by 24.
22
Calculate the remainder when 3699 is divided by 20.
19
What is the remainder when 2698 is divided by 25?
23
Calculate the remainder when 786 is divided by 158.
154
What is the remainder when 279 is divided by 59?
43
What is the remainder when 635 is divided by 91?
89
Calculate the remainder when 1735 is divided by 47.
43
What is the remainder when 985 is divided by 328?
1
Calculate the remainder when 18995 is divided by 250.
245
What is the remainder when 494 is divided by 23?
11
Calculate the remainder when 12139 is divided by 9.
7
Calculate the remainder when 14 is divided by 3.
2
Calculate the remainder when 5736 is divided by 53.
12
What is the remainder when 335 is divided by 32?
15
Calculate the remainder when 357 is divided by 45.
42
What is the remainder when 48 is divided by 33?
15
Calculate the remainder when 172 is divided by 18.
10
Calculate the remainder when 245 is divided by 69.
38
What is the remainder when 225 is divided by 113?
112
Calculate the remainder when 555 is divided by 38.
23
Calculate the remainder when 26192 is divided by 67.
62
Calculate the remainder when 6610 is divided by 35.
30
What is the remainder when 214 is divided by 67?
13
Calculate the remainder when 323 is divided by 25.
23
What is the remainder when 389 is divided by 105?
74
What is the remainder when 77 is divided by 40?
37
What is the remainder when 372 is divided by 135?
102
What is the remainder when 208 is divided by 42?
40
Calculate the remainder when 305 is divided by 6.
5
What is the remainder when 247 is divided by 236?
11
Calculate the remainder when 1905 is divided by 10.
5
Calculate the remainder when 483 is divided by 18.
15
What is the remainder when 14222 is divided by 1579?
11
Calculate the remainder when 61 is divided by 8.
5
Calculate the remainder when 64 is divided by 6.
4
What is the remainder when 165 is divided by 69?
27
What is the remainder when 249 is divided by 14?
11
Calculate the remainder when 86 is divided by 8.
6
Calculate the remainder when 43 is divided by 37.
6
Calculate the remainder when 357 is divided by 136.
85
What is the remainder when 132 is divided by 46?
40
What is the remainder when 4424 is divided by 3?
2
What is the remainder when 8089 is divided by 238?
235
Calculate the remainder when 25363 is divided by 89.
87
Calculate the remainder when 1065 is divided by 82.